{"id":10,"date":"2022-02-23T11:40:20","date_gmt":"2022-02-23T11:40:20","guid":{"rendered":"http:\/\/dochi.cz\/?page_id=10"},"modified":"2022-02-25T06:42:04","modified_gmt":"2022-02-25T06:42:04","slug":"3d-tisk","status":"publish","type":"page","link":"http:\/\/dochi.cz\/?page_id=10","title":{"rendered":"3D tisk"},"content":{"rendered":"\n<blockquote class=\"wp-block-quote is-style-default is-layout-flow wp-block-quote-is-layout-flow\"><p>Zab\u00fdv\u00e1m se 3D tiskem z r\u016fzn\u00fdch materi\u00e1l\u016f na nejmodern\u011bj\u0161\u00edch stroj\u00edch od Prusa Researche. <\/p><\/blockquote>\n\n\n\n<figure class=\"wp-block-gallery has-nested-images columns-default is-cropped wp-block-gallery-1 is-layout-flex wp-block-gallery-is-layout-flex\">\n<figure class=\"wp-block-image size-large\"><img loading=\"lazy\" decoding=\"async\" width=\"1024\" height=\"1024\" data-id=\"23\" src=\"http:\/\/dochi.cz\/wp-content\/uploads\/2022\/02\/3325-1024x1024.jpg\" alt=\"\" class=\"wp-image-23\" srcset=\"http:\/\/dochi.cz\/wp-content\/uploads\/2022\/02\/3325-1024x1024.jpg 1024w, http:\/\/dochi.cz\/wp-content\/uploads\/2022\/02\/3325-300x300.jpg 300w, http:\/\/dochi.cz\/wp-content\/uploads\/2022\/02\/3325-150x150.jpg 150w, http:\/\/dochi.cz\/wp-content\/uploads\/2022\/02\/3325-768x768.jpg 768w, http:\/\/dochi.cz\/wp-content\/uploads\/2022\/02\/3325-1536x1536.jpg 1536w, http:\/\/dochi.cz\/wp-content\/uploads\/2022\/02\/3325.jpg 1600w\" sizes=\"auto, (max-width: 1024px) 100vw, 1024px\" \/><\/figure>\n\n\n\n<figure class=\"wp-block-image size-large\"><img loading=\"lazy\" decoding=\"async\" width=\"1024\" height=\"1024\" data-id=\"24\" src=\"http:\/\/dochi.cz\/wp-content\/uploads\/2022\/02\/3101-1024x1024.jpg\" alt=\"\" class=\"wp-image-24\" srcset=\"http:\/\/dochi.cz\/wp-content\/uploads\/2022\/02\/3101-1024x1024.jpg 1024w, http:\/\/dochi.cz\/wp-content\/uploads\/2022\/02\/3101-300x300.jpg 300w, http:\/\/dochi.cz\/wp-content\/uploads\/2022\/02\/3101-150x150.jpg 150w, http:\/\/dochi.cz\/wp-content\/uploads\/2022\/02\/3101-768x768.jpg 768w, http:\/\/dochi.cz\/wp-content\/uploads\/2022\/02\/3101.jpg 1200w\" sizes=\"auto, (max-width: 1024px) 100vw, 1024px\" \/><\/figure>\n<\/figure>\n\n\n\n<blockquote class=\"wp-block-quote is-layout-flow wp-block-quote-is-layout-flow\"><p>Pro tisk m\u016f\u017eete poslat nebo p\u0159in\u00e9st sv\u00e1 data, kter\u00e1 zkontroluji a vytisknu z po\u017eadovan\u00e9ho materi\u00e1lu.<\/p><\/blockquote>\n\n\n\n<blockquote class=\"wp-block-quote is-layout-flow wp-block-quote-is-layout-flow\"><p>Pokud m\u00e1te jen p\u0159edstavu o tom co pot\u0159ebujete vytisknout, nebo m\u00e1te konkr\u00e9tn\u00ed p\u0159edlohu, m\u016f\u017eete poslat emailem, pop\u0159\u00edpad\u011b se zastavit, domluv\u00edme se, j\u00e1 data pro tisk p\u0159iprav\u00edm a v\u00fdrobek vytisknu.<\/p><\/blockquote>\n","protected":false},"excerpt":{"rendered":"<p>Zab\u00fdv\u00e1m se 3D tiskem z r\u016fzn\u00fdch materi\u00e1l\u016f na nejmodern\u011bj\u0161\u00edch stroj\u00edch od Prusa Researche. Pro tisk m\u016f\u017eete poslat nebo p\u0159in\u00e9st sv\u00e1 data, kter\u00e1<\/p>\n<p class=\"link-more\"><a class=\"myButt \" href=\"http:\/\/dochi.cz\/?page_id=10\">Read More<\/a><\/p>\n","protected":false},"author":1,"featured_media":0,"parent":0,"menu_order":0,"comment_status":"closed","ping_status":"closed","template":"","meta":{"footnotes":""},"class_list":["post-10","page","type-page","status-publish","hentry"],"_links":{"self":[{"href":"http:\/\/dochi.cz\/index.php?rest_route=\/wp\/v2\/pages\/10","targetHints":{"allow":["GET"]}}],"collection":[{"href":"http:\/\/dochi.cz\/index.php?rest_route=\/wp\/v2\/pages"}],"about":[{"href":"http:\/\/dochi.cz\/index.php?rest_route=\/wp\/v2\/types\/page"}],"author":[{"embeddable":true,"href":"http:\/\/dochi.cz\/index.php?rest_route=\/wp\/v2\/users\/1"}],"replies":[{"embeddable":true,"href":"http:\/\/dochi.cz\/index.php?rest_route=%2Fwp%2Fv2%2Fcomments&post=10"}],"version-history":[{"count":6,"href":"http:\/\/dochi.cz\/index.php?rest_route=\/wp\/v2\/pages\/10\/revisions"}],"predecessor-version":[{"id":33,"href":"http:\/\/dochi.cz\/index.php?rest_route=\/wp\/v2\/pages\/10\/revisions\/33"}],"wp:attachment":[{"href":"http:\/\/dochi.cz\/index.php?rest_route=%2Fwp%2Fv2%2Fmedia&parent=10"}],"curies":[{"name":"wp","href":"https:\/\/api.w.org\/{rel}","templated":true}]}}